mainder when b is divided by 21?
16
Suppose -242*h + 235*h + 28 = 0. Suppose 0 = -h*z - 45 + 97. Calculate the remainder when (2 - 27)*(0 - 1) is divided by z.
12
Suppose -2*u = 2*r + 14, 3*r + 7*u + 23 = 3*u. Let q be (-1)/r - (-7)/(-35). Suppose q = -4*g + 140 + 44. What is the remainder when g is divided by 17?
12
Let g be 1 + (-22)/14 - 135576/441. Let u = 357 + g. Calculate the remainder when u is divided by 18.
13
Let j(b) = -b**3 + 36*b**2 + 75*b + 83. Suppose m + 1 - 35 = -2*i, -3*m + 104 = 5*i. What is the remainder when j(m) is divided by 31?
14
Suppose 1606*d - 1584*d - 7656 = 0. What is the remainder when 713 is divided by d?
17
Suppose -6*c = -8*c + 50. Suppose -n - 3813 = -3880. What is the remainder when n is divided by c?
17
Let c(n) = n**3 - 16*n**2 + 36*n + 42. Let k be c(13). Let f(h) = 2*h**2 + 11 - h**3 - 2 + h + 0*h**3. What is the remainder when 7 is divided by f(k)?
1
Let u(j) = 2*j**3 - 24*j**2 + 3*j - 25. Let g be u(12). What is the remainder when 70 is divided by 17 - g/((-88)/24)?
10
Let g = 1841 + -1816. What is the remainder when 3221 is divided by g?
21
Let x(r) = r**2 + r - 19. Let a = -177 - -282. Calculate the remainder when a is divided by x(-9).
52
Suppose 6*h + 10 = 34. What is the remainder when 22 is divided by -4*((-14)/h + 2)?
4
Suppose -2*l = -5*a + 15, 102*a - 35 = -2*l + 97*a. Calculate the remainder when 65 is divided by l.
0
Suppose -2*s = 3*z - 368 + 16, -2*s = -4*z - 366. Calculate the remainder when 4295 is divided by s.
178
Suppose 3630 = 417*b - 8048 - 10423. Suppose 0 = 3*p + r - 110, -70 = -p - p + r. What is the remainder when b is divided by p?
17
Suppose 12*r + 2 = 26. Suppose -d - 5*n + 11 = -r*n, 5*d - 145 = 3*n. What is the remainder when 95 is divided by d?
17
Let i be (-498)/(4*15/40). Let j = -320 - i. Calculate the remainder when 128 is divided by j.
8
Let t(o) = 10 - 3 + o + o**3 - 6*o**2 + 10*o**2 - 5 + 3*o. What is the remainder when 76 is divided by t(-2)?
0
Suppose 116*i - 11760 = 114*i. What is the remainder when i is divided by 159?
156
Let h(a) = -a**2 + 22*a - 71. Suppose -t + q = -213, -2*q + 426 = -0*t + 2*t. Calculate the remainder when t is divided by h(16).
13
What is the remainder when 887 is divided by (-13 + (-693)/(-54))*(7 + -2 + -11)?
0
Let g = -3313 - -3673. What is the remainder when 378 is divided by g?
18
Suppose -4*k = 6 + 10. Let s = 8 + k. Suppose -p + 55 = s*p. Calculate the remainder when 42 is divided by p.
9
Let y(x) = 9*x**2 - 14*x + 1101. Calculate the remainder when y(15) is divided by 25.
16
Let h = -7 - -11. Suppose 3*q + 5*n = -q + 281, 308 = h*q - 4*n. What is the remainder when q is divided by 1*(17 - (-24)/12)?
17
Suppose 7*c + 79 = 8*c. Suppose -10 = -2*b, -t + 2*b = 6*b - c. Calculate the remainder when t is divided by 20.
19
Suppose -9*g - 6558 = -2*s - 13*g, 0 = -2*g + 12. What is the remainder when s is divided by 38?
37
Let x(z) = 43*z - 1. Let p be x(7). Suppose -c = -31*c + p. What is the remainder when 188 is divided by c?
8
Suppose -42 + 294 = 6*x. Suppose -7*p + 98 = -x. Calculate the remainder when 78 is divided by p.
18
Suppose -2*j = 4*j + j - 280. Suppose 4 = -3*a - 11. Let n = a + 12. What is the remainder when j is divided by n?
5
Suppose -3891*r - 1109 - 7476 = -3908*r. What is the remainder when r is divided by 73?
67
Suppose 0 = 32*s + 14*s + 552. Calculate the remainder when 254 is divided by (-2)/(-2) + s/((-7)/7).
7
Let p be ((-784)/42)/(4/6). Suppose u = -2*s - 0*u - 69, -4*s + 2*u - 142 = 0. Calculate the remainder when s/p + (-155)/(-4) is divided by 14.
12
Let y = -9574 + 9582. What is the remainder when 14191 is divided by y?
7
Let y(v) = v**2 + 7*v + 2. Let k(g) = -8*g**3 - g**2 + 2*g - 1. Let a be k(1). What is the remainder when y(a) is divided by (-1)/5*13*(-2200)/715?
2
Let q(u) be the second derivative of -u**3/6 + 19*u**2/2 + 70*u. Calculate the remainder when 125 is divided by q(3).
13
Let s be (16/24)/((-10)/(-75)). Suppose s*k + 6*l = 2*l + 65, 3*k = 5*l + 2. Let u(r) = -17*r. Calculate the remainder when u(-1) is divided by k.
8
Suppose 86 = 18*z - 76. Suppose -177 = -6*h - z. What is the remainder when 357 is divided by h?
21
Suppose 612 = -4*i - 3*z - 167, 980 = -5*i - 5*z. Let q = 273 + i. Calculate the remainder when q is divided by 17.
14
Let j = -10452 + 10726. Calculate the remainder when 1063 is divided by j.
241
Let n(w) = -2*w**3 + 8*w**2 + 12*w - 11. Let f be n(5). Let q = f - -199. Calculate the remainder when q is divided by 35.
23
Let t(q) = q**2 + 14*q + 2. Let b be t(-14). Calculate the remainder when (b/(-3))/((-30)/855) is divided by 4.
3
Let y(a) = 12*a + 665. What is the remainder when 80 is divided by y(-49)?
3
Suppose 13*j + 5166 = -j. Suppose -3*u + 128 - 35 = 0. What is the remainder when (1 - 0)/((-3)/j) is divided by u?
30
Let k = -12368 + 12778. Calculate the remainder when 1253 is divided by k.
23
Let k = 163 - 151. Calculate the remainder when 209 is divided by 2/(k/3*7/742).
50
Let o = -38 - -43. Suppose 2*t - 8 = 0, -x - t + 2*t = -o. Suppose 35*g - 32*g - x = 0. What is the remainder when g is divided by 2?
1
Let g = -767 + 768. Let j = 629 + -442. What is the remainder when j is divided by (-564)/18*(g + 15/(-6))?
46
Let m = -3947 - -3986. Let r(i) = i**3 - 7*i**2 + 6*i - 1. Let f be r(4). Let q = f + 35. What is the remainder when m is divided by q?
9
Suppose 0 = -8*r - 6*r + 532. Let n(k) = 2*k**2 - 2*k - 2. Let q = -23 + 26. Calculate the remainder when r is divided by n(q).
8
Let i = 295 - 300. Let m(y) = 2*y**3 + 12*y**2 - 7*y. Calculate the remainder when m(i) is divided by 24.
13
Let q = -854 - -856. Suppose 3*r + 4*h = r + 46, 3*h = q*r - 32. What is the remainder when 47 is divided by r?
9
What is the remainder when (40/6)/(138/10764) is divided by 25?
20
What is the remainder when (25/50)/((0 - -2)/412) is divided by ((-12)/(-15))/((-2648)/(-440) - 6)?
15
What is the remainder when -5 + (4 - 0)/(34/268821) is divided by 118?
115
Suppose -2*u + 7*u + 25 = 0, 3*t = -4*u + 448. Suppose -f = -h + t, -5*f + 7 + 18 = 0. Calculate the remainder when h is divided by 27.
26
Suppose -894 = -36*r + 30*r. Let y = 29 - -12. Suppose -n = -l - y, -n + 17 = 5*l - 6. What is the remainder when r is divided by n?
35
Suppose 182 = 6*o + 632. Let u = o - -98. What is the remainder when u is divided by 5?
3
Suppose 0 = 4*o - 6 - 2. Suppose o*c = 27 + 13. Suppose -g = d + 3*g, -36 = -5*d - 2*g. What is the remainder when c is divided by d?
4
Let v = -11 + 25. Let h be (-395)/2*(-12)/30. Suppose 0 = -h*b + 70*b + 468. Calculate the remainder when b is divided by v.
10
Suppose 107 = 3*p + m, 0 = 2*p + 3*m + 2*m - 67. What is the remainder when (-242)/((p/(-27))/(4/6)) is divided by 18?
13
What is the remainder when 74030/20*(10 - 8) is divided by 161?
158
Suppose -l - 3*l = -60. Calculate the remainder when 8/80*8 - (-231)/5 is divided by l.
2
Suppose 4*f + 3*i - 156 = 0, 0*i = 2*f + 2*i - 80. Suppose -34*w + f*w = 36. What is the remainder when 104 is divided by w?
14
Suppose 3*a = -w + 205, -13*a + 344 = -8*a + 2*w. Calculate the remainder when 5081 is divided by a.
65
Suppose -7*y + 481 - 453 = 0. Suppose 0 = i + 2*c - 18, 0*c - 20 = -5*i + y*c. Calculate the remainder when 28 is divided by i.
4
Suppose -4*s = -5*s + 7. Suppose s*a = 5*a - 56. Let l = 42 + a. Calculate the remainder when 41 is divided by l.
13
Suppose 3*o + 3*j = 291, 0 = -3*o - 620*j + 621*j + 279. Calculate the remainder when 1123 is divided by o.
89
Suppose -25*v + 34*v - 180 = 0. What is the remainder when 57 is divided by 4/(-8)*6/1 + v?
6
Let d = 33 + 5. Suppose 0 = 44*a - d*a - 240. Calculate the remainder when a is divided by 9.
4
What is the remainder when 7214 is divided by (7 - 4 - 1) + 13?
14
Let f = -468 - -487. Let h(l) be the first derivative of l**4/4 + 3*l**2/2 - 3*l + 2. Calculate the remainder when f is divided by h(2).
8
Let i(y) = y + 8. Let x be i(-5). Let w be 1/(24/9 - x). What is the remainder when -3 + (-134)/(-3) + w/(-9) is divided by 12?
6
Let b(s) = -2*s**2 + 5*s + 12. Let n be b(-2). Calculate the remainder when 96 is divided by (176/n)/(-4)*27/6.
30
Suppose 195*p - 589 = 194*p + 299. What is the remainder when 894 is divided by p?
6
Let f(p) = -p**3 + 135*p**2 - 255*p - 1314. Sup